n 17923907 is divided by 193.
190
Calculate the remainder when 468875 is divided by 1190.
15
Calculate the remainder when 1388 is divided by 67.
48
Calculate the remainder when 4231 is divided by 16.
7
Calculate the remainder when 4735 is divided by 4048.
687
What is the remainder when 31550 is divided by 232?
230
What is the remainder when 2544 is divided by 323?
283
Calculate the remainder when 714 is divided by 182.
168
Calculate the remainder when 1194 is divided by 249.
198
What is the remainder when 14117 is divided by 321?
314
Calculate the remainder when 12868 is divided by 208.
180
Calculate the remainder when 120903 is divided by 2418.
3
Calculate the remainder when 5816 is divided by 135.
11
Calculate the remainder when 1073 is divided by 160.
113
What is the remainder when 28610 is divided by 146?
140
Calculate the remainder when 30506 is divided by 240.
26
What is the remainder when 15083 is divided by 255?
38
What is the remainder when 263896 is divided by 10?
6
Calculate the remainder when 4786 is divided by 74.
50
Calculate the remainder when 1470 is divided by 529.
412
What is the remainder when 5393367 is divided by 838?
837
What is the remainder when 167686 is divided by 51?
49
Calculate the remainder when 65335 is divided by 98.
67
What is the remainder when 3967 is divided by 363?
337
Calculate the remainder when 42274 is divided by 7043.
16
Calculate the remainder when 794780 is divided by 68.
64
Calculate the remainder when 495698 is divided by 59.
39
Calculate the remainder when 8390 is divided by 2095.
10
Calculate the remainder when 189358 is divided by 47.
42
Calculate the remainder when 24147 is divided by 1588.
327
What is the remainder when 62663 is divided by 151?
149
What is the remainder when 89750 is divided by 13?
11
Calculate the remainder when 925901 is divided by 15.
11
What is the remainder when 227231 is divided by 87?
74
Calculate the remainder when 54644 is divided by 259.
254
Calculate the remainder when 1943 is divided by 72.
71
Calculate the remainder when 1178226 is divided by 37.
35
What is the remainder when 3179 is divided by 1046?
41
Calculate the remainder when 2607 is divided by 200.
7
What is the remainder when 19129 is divided by 2727?
40
What is the remainder when 230396 is divided by 640?
636
Calculate the remainder when 88847 is divided by 400.
47
Calculate the remainder when 11061 is divided by 3624.
189
What is the remainder when 31734 is divided by 5?
4
Calculate the remainder when 155917 is divided by 77947.
23
What is the remainder when 4360 is divided by 1382?
214
Calculate the remainder when 24112 is divided by 1335.
82
Calculate the remainder when 1816 is divided by 93.
49
What is the remainder when 33399 is divided by 201?
33
Calculate the remainder when 1271983 is divided by 51.
43
Calculate the remainder when 63517 is divided by 15875.
17
Calculate the remainder when 68675 is divided by 366.
233
Calculate the remainder when 95993 is divided by 24.
17
Calculate the remainder when 1970 is divided by 967.
36
Calculate the remainder when 5914 is divided by 76.
62
Calculate the remainder when 9664 is divided by 946.
204
Calculate the remainder when 55707 is divided by 36.
15
What is the remainder when 3988 is divided by 1516?
956
Calculate the remainder when 297723 is divided by 11.
8
Calculate the remainder when 2853 is divided by 867.
252
Calculate the remainder when 32661 is divided by 778.
763
What is the remainder when 4470300 is divided by 391?
388
Calculate the remainder when 217 is divided by 77.
63
What is the remainder when 14497 is divided by 138?
7
What is the remainder when 10037 is divided by 257?
14
What is the remainder when 1567 is divided by 61?
42
What is the remainder when 124237 is divided by 33?
25
Calculate the remainder when 447 is divided by 419.
28
Calculate the remainder when 5804 is divided by 1834.
302
What is the remainder when 5939 is divided by 238?
227
Calculate the remainder when 151435 is divided by 3.
1
Calculate the remainder when 137810 is divided by 131.
129
What is the remainder when 263 is divided by 127?
9
Calculate the remainder when 3536204 is divided by 936.
932
Calculate the remainder when 3935 is divided by 28.
15
What is the remainder when 778 is divided by 197?
187
Calculate the remainder when 14302 is divided by 12.
10
Calculate the remainder when 94693 is divided by 15761.
127
Calculate the remainder when 48249 is divided by 25.
24
Calculate the remainder when 6332 is divided by 439.
186
What is the remainder when 886 is divided by 693?
193
Calculate the remainder when 5610 is divided by 5533.
77
Calculate the remainder when 49594 is divided by 177.
34
What is the remainder when 149452 is divided by 49775?
127
What is the remainder when 11559 is divided by 94?
91
What is the remainder when 23333 is divided by 83?
10
Calculate the remainder when 742581 is divided by 123759.
27
Calculate the remainder when 1871 is divided by 791.
289
What is the remainder when 2929 is divided by 1323?
283
Calculate the remainder when 51482 is divided by 1798.
1138
Calculate the remainder when 2136 is divided by 49.
29
What is the remainder when 49013 is divided by 495?
8
Calculate the remainder when 6767 is divided by 211.
15
What is the remainder when 33163 is divided by 32937?
226
Calculate the remainder when 13952 is divided by 4639.
35
What is the remainder when 1368 is divided by 667?
34
Calculate the remainder when 5069 is divided by 4979.
90
What is the remainder when 1374 is divided by 230?
224
What is the remainder when 1839293 is divided by 16?
13
Calculate the remainder when 58826 is divided by 17.
6
Calculate the remainder when 26908 is divided by 6712.
60
What is the remainder when 80201 is divided by 10023?
17
What is the remainder when 2986 is divided by 1027?
932
Calculate the remainder when 72001 is divided by 26.
7
What is the remainder when 116701 is divided by 7?
4
Calculate the remainder when 75505 is divided by 2220.
25
Calculate the remainder when 567298 is divided by 155.
153
Calculate the remainder when 89771 is divided by 74.
9
What is the remainder when 200 is divided by 33?
2
Calculate the remainder when 59220 is divided by 19731.
27
What is the remainder when 4046 is divided by 466?
318
What is the remainder when 867398 is divided by 289130?
8
What is the remainder when 37431 is divided by 7479?
36
What is the remainder when 6919 is divided by 333?
259
What is the remainder when 12814 is divided by 640?
14
Calculate the remainder when 1170502 is divided by 265.
262
Calculate the remainder when 224315 is divided by 13195.
0
Calculate the remainder when 4064 is divided by 746.
334
What is the remainder when 474658 is divided by 576?
34
What is the remainder when 32289 is divided by 5?
4
What is the remainder when 4519 is divided by 98?
11
What is the remainder when 30506 is divided by 138?
8
Calculate the remainder when 7599 is divided by 50.
49
Calculate the remainder when 7904 is divided by 104.
0
What is the remainder when 112458 is divided by 71?
65
What is the remainder when 56853 is divided by 131?
130
Calculate the remainder when 172267 is divided by 221.
108
Calculate the remainder when 41175 is divided by 8233.
10
What is the remainder when 9319 is divided by 3105?
4
Calculate the remainder when 15380 is divided by 46.
16
What is the remainder when 1674 is divided by 404?
58
Calculate the remainder when 3376 is divided by 585.
451
What is the remainder when 718 is divided by 39?
16
What is the remainder when 12019 is divided by 1197?
49
What is the remainder when 195498 is divided by 170?
168
What is the remainder when 443830 is divided by 23?
22
Calculate the remainder when 7334 is divided by 49.
33
Calculate the remainder when 1503767 is divided by 65.
57
What is the remainder when 254825 is divided by 94?
85
What is the remainder when 54762 is divided by 54750?
12
What is the remainder when 34667 is divided by 28?
3
Calculate the remainder when 11901888 is divided by 451.
449
Calculate the remainder when 14627 is divided by 315.
137
Calculate the remainder when 8790 is divided by 16.
6
What is the remainder when 1006216 is divided by 9?
7
Calculate the remainder when 14150 is divided by 267.
266
What is the